mposite?
True
Suppose 5*m = 3*m. Let u(v) = 0*v + 95 - 4*v + 3*v. Is u(m) prime?
False
Let f(v) = -v. Let x be f(2). Let i be (-51)/(-45) - 2/15. Is ((-15)/x)/(i/2) a prime number?
False
Suppose 2*s - 408 = 178. Is s prime?
True
Let c(k) = 2*k - 10. Let h be c(8). Let a be (-3)/h - (-14)/4. Suppose -a*q + 36 = q + 4*u, 5*u + 20 = 0. Is q a composite number?
False
Suppose -2*n = 5 - 21. Let p = 5 - n. Let r = 25 + p. Is r a prime number?
False
Let k(n) = n - 1. Let x be k(6). Suppose -4*z = 5*j - 1273, -x*j + 3*z + 1279 = 5*z. Is j composite?
False
Let u be 2*(1 + -2) + -4. Let d be 3/u*-1*4. Suppose -4*h = -5*f - 3*h + 427, -4*f + d*h = -344. Is f composite?
True
Suppose -3*z + 2*d = -308 - 53, -2*d + 2 = 0. Is z composite?
True
Let q = -3 + 6. Let u be 1*-47 - (q + -3). Let c = u + 126. Is c prime?
True
Suppose 2*r = -2*r + 200. Suppose -40 = -3*i + r. Suppose m - i = -7. Is m a composite number?
False
Let l(o) = 150*o - 4. Is l(11) a prime number?
False
Is (((-10)/(-3))/(-5))/((-4)/198) prime?
False
Suppose -32*h + 35*h = 5685. Is h a prime number?
False
Let d(v) = v**3 + 7*v**2 + 5*v + 2. Let b be d(-3). Let i = b + -12. Is i a prime number?
True
Let b(n) = n**2 - 1. Let f be b(-2). Suppose -f*t - 23 - 12 = -i, -i - t = -23. Is i prime?
False
Is (1618/(-10))/((-20)/100) a prime number?
True
Suppose -3*x - 5*z - 314 = 0, -3*x - 2*z = 287 + 42. Let k = 761 - 277. Let y = k + x. Is y a composite number?
True
Suppose 5*c - 2*g = 27, 0 = -2*c + 3*g + 2. Is c a composite number?
False
Let t(w) = w**3 - 11*w**2 + 27*w - 11. Is t(12) a prime number?
True
Suppose 0 = -5*d - 3*d + 2936. Is d a prime number?
True
Let s = -6 - -12. Let l(n) = -s + 4*n - 1 + n**2 - 5*n. Is l(-5) a prime number?
True
Suppose -2*j - 2 = -2*r, 5*r = -j + 4 - 5. Is (-3*(-1 + 18))/j a composite number?
True
Let n(t) = t**3 - 5*t**2 - 6*t + 5. Let g be n(6). Suppose 2*q + 3*h = 115, -3*q + g*h + 0*h + 182 = 0. Is q composite?
False
Let s(u) = -5*u**3 + 3*u**2 + 2*u - 7. Is s(-3) composite?
False
Let a(c) = c**2 - 8*c + 14. Suppose 4*p = -4, 3*u - p - 29 = -2*p. Is a(u) prime?
False
Let t(f) be the third derivative of -f**5/60 - f**4/3 + 7*f**3/6 - 3*f**2. Is t(-8) composite?
False
Let v(g) = -2*g + 1. Let q be 9/5 - (-2)/10. Suppose -12 + 30 = -2*b + q*y, 0 = b + 2*y. Is v(b) prime?
True
Suppose s = 2*s + 3. Let k = s - -5. Suppose -q = u - 58, -k*q + u + 48 = -q. Is q a prime number?
True
Suppose -2*l + 98 = -4*i, 4*l + 5*i = i + 220. Is l composite?
False
Suppose 5 - 1 = n. Suppose -3*y + n*y - 4*m - 5 = 0, -3*y + 2*m + 65 = 0. Is y a composite number?
True
Let y(o) = 2*o**2 - o. Let m be y(1). Let d be (-2)/(982/(-978) + m). Suppose 0 = 3*c - 0*c - d. Is c a composite number?
False
Let k = -695 + 450. Let s = k + 404. Is s prime?
False
Let o = -10 + 29. Let l = -28 - -24. Let r = o + l. Is r composite?
True
Let s = 15 + -11. Suppose 0 = r + s*r. Suppose r = 8*d - 3*d - 385. Is d a prime number?
False
Suppose 2*p = h - 1, -2*p = -p + 5. Is (-9152)/(-36) - (-2)/h a prime number?
False
Is (1 + (-615)/12)/((-21)/28) a prime number?
True
Let p(b) = -2*b**3 - 10*b**2 - 8*b + 1. Let y be p(-6). Let v = -54 + y. Is v a composite number?
False
Suppose 3*t + 9 = 0, -4*t - 22 = -4*n - 2*t. Suppose -188 - 840 = -n*s. Is s prime?
True
Suppose -11 = -3*q - 2. Suppose q*g = -g + 148. Is g a prime number?
True
Suppose 2*u - 504 = i + 372, 438 = u - 4*i. Is -1 + (-3 - (3 - u)) prime?
True
Suppose 6*c = 3*c + 24. Let a(m) = 3*m + 13. Is a(c) composite?
False
Let l = 100 + 6. Is l a composite number?
True
Suppose j + 0*j = -43. Let b = -12 - j. Is b composite?
False
Let z(b) be the first derivative of 61/2*b**2 + b + 3. Is z(1) prime?
False
Let r = 22 - 10. Let i = r + 7. Is i a composite number?
False
Let u(m) = 19*m**3 - 7*m**2 + m - 4. Let l be u(5). Suppose -l = -4*y - 621. Suppose -8*j + y = -3*j. Is j prime?
True
Suppose 4450 = 4*n + 3*v, -3707 + 372 = -3*n - v. Is n prime?
False
Let p(a) be the third derivative of -3*a**6/10 + a**5/60 - a**4/24 + a**3/6 + 4*a**2. Is p(-2) a prime number?
False
Suppose 16*q - 11*q = 6245. Is q prime?
True
Let c be 6/10 - 847/(-5). Let v = 78 - c. Let u = v - -171. Is u composite?
False
Suppose 2*u - 23 = 2*f + 413, 2*u = -2*f + 456. Is u prime?
True
Suppose -3*c = -2*c - 35. Is c a composite number?
True
Let j be (3/(-6))/(3/(-612)). Suppose -5*p + 4*a + j = 0, p - 4*a + 1 = 15. Is 1074/p - (-4)/22 prime?
False
Let j be 1 + 0 + 55 + -2. Let w = j - -413. Is w prime?
True
Suppose -3*s - 1 = -13. Let v = s + -71. Is 1*2 - (v + -8) a composite number?
True
Suppose -2*k + 38 = u - 903, 5*k + u - 2360 = 0. Suppose 4*b = -b + 2*w + k, -477 = -5*b - 2*w. Is b composite?
True
Let o(m) = 3*m**3 + m**2 - 2. Let p be o(2). Let c = 172 - p. Is c a prime number?
False
Let a be 2/5 - (-912)/20. Suppose -95 = -3*p + a. Suppose -10 = j - p. Is j a composite number?
False
Let m be -2*(2 - (139 + 0)). Suppose a + 2*i = 119, -2*a = -4*a + 5*i + m. Is a prime?
True
Let c(t) = 109*t - 7. Is c(5) a composite number?
True
Let b(u) = -17*u**3 + 3*u**2 - u. Let w be b(-3). Let d be (-1 - 0)*(-15)/3. Suppose 0 = -2*j + d*j - w. Is j composite?
False
Suppose 10*x - 5*x = 285. Is x a prime number?
False
Let l be (-25 - -1)*98/(-21). Suppose j + l = 3*h, 0 = -6*j + j - 5. Is h prime?
True
Suppose -3*z + 5*d = -5*z + 484, 2*d = -5*z + 1231. Is z a composite number?
True
Suppose -232 = -3*b + 215. Is b a composite number?
False
Let p = 2292 + -1583. Is p composite?
False
Is (-3)/(-18) - (-5060)/24 composite?
False
Let d = 1775 - 1254. Is d prime?
True
Suppose 2*f - 252 = -2*q, 0 = 5*f - f - q - 489. Is f prime?
False
Is 572/12 - (-2)/(-3) prime?
True
Let d be (-5 + 2)*4/(-6). Let y = d - 4. Is -1*2/y + 48 a prime number?
False
Suppose -2*b + 19 = 4*d - 19, 35 = 3*d - 5*b. Let l be 1584/(-15)*d/(-3). Is l/10 + (-3)/15 composite?
True
Let r be -27*6*(-10)/6. Suppose 3*z - 4*w = 397, 2*z - 4*w + 0*w = r. Is z prime?
True
Suppose 143 + 304 = 3*s. Is s composite?
False
Suppose 1 = 2*s - 13. Let c = 12 - s. Let n = c + 74. Is n a composite number?
False
Let z = -11 - -5. Let o(w) = -22*w - 5. Is o(z) a prime number?
True
Let b be 15/(-25) + (-6)/(-10). Let v = -1 + 1. Suppose u + 2*z - 4*z - 31 = v, 3*z - 9 = b. Is u prime?
True
Let y(v) = -2*v - 6. Let h be y(0). Is ((-62)/h)/((-8)/(-120)) a prime number?
False
Suppose -2*w - 2*n + 6*n + 118 = 0, -w - 3*n + 44 = 0. Is w composite?
False
Suppose 2 = 2*s, i - s + 5 = -5. Let g be -51*6/i + 1. Let y = 54 - g. Is y composite?
False
Let r(y) = -4*y + 6. Let l(b) = -5*b + 5. Let n(j) = 5*l(j) - 4*r(j). Is n(-14) a composite number?
False
Let a = -83 - -39. Let f = -28 - -25. Is a/f + (-2)/3 prime?
False
Suppose 8 = 4*g - 0. Is (g/6)/((-2)/(-186)) a composite number?
False
Let w(v) = v**2 + v + 1. Let t be w(0). Let s be ((-18)/(-10))/(t/5). Is (2/(-2))/((-1)/s) composite?
True
Suppose 4*p = -3*d - 15, 0*d + 4*p = -5*d - 17. Let u = d - -1. Suppose 4*r - 25 - 31 = -m, 4*r - m - 48 = u. Is r prime?
True
Suppose 2*l = -14 + 76. Is l prime?
True
Suppose -2*n + 1114 = -0*n. Is n composite?
False
Let k(p) = -152*p - 5. Is k(-3) composite?
True
Let w(y) = 33*y**2 - 10*y + 13. Is w(6) composite?
True
Let n(z) be the second derivative of -z**5/20 + 11*z**4/12 - 5*z**3/3 + 7*z**2/2 - 7*z. Is n(10) prime?
True
Let q be (-1)/(4/((-80)/4)). Suppose q*k = 2073 - 28. Is k prime?
True
Let g(r) be the third derivative of r**6/120 + r**5/6 + 3*r**4/8 - r**2. Let v be g(-9). Suppose 2*q - 26 = -v*q. Is q prime?
True
Let w(l) = -4*l**2 + 9 + 7*l - l**2 - l**3 - l. Is w(-7) a prime number?
False
Let g(n) = 145*n + 3. Let x(k) = -48*k - 1. Let f(v) = 4*g(v) + 11*x(v). Let m = 17 + -16. Is f(m) a composite number?
False
Suppose -6*y + 2*y = -132. Is y composite?
True
Suppose -4*k = -k - 69. Let i = 44 - k. Is i a prime number?
False
Let h(d) = -d**2 - d. Let m be (0/2)/(1 + 0). Let l be h(m). Suppose l*k = -3*k + 147. Is k a composite number?
True
Let j(m) = -7*m**2 - 5*m + 1. Let s(q) = -7*q**2 - 6*q + 1. Let o(a) = 3*j(a) - 4*s(a). Let x = 16 + -10. Is o(x) a prime number?
False
Suppose 5*f - 40 = -s - s, 5*s - 142 = -2*f. Suppose -4*w + t = -25 + 4, 5*w = 5*t + s. Suppose l + 3*y - y = 33, 5*l - w*y = 165. Is l prime?
False
Let m = 124 - -191. Suppose -4*j +